(-8)/(-2))/(-6 + 10). Let y(l) = 11*l**2 - l. What is the remainder when 18 is divided by y(x)?
8
Let b(k) = k**2 - 5*k - 1. What is the remainder when 8 is divided by b(6)?
3
Let p(t) = t**2 - 9*t - 8. Calculate the remainder when p(-5) is divided by 22.
18
What is the remainder when -2*1/(-2) + 23/1 is divided by 9?
6
Suppose 0*f = -x - f + 24, -3*x + 64 = 5*f. Calculate the remainder when x is divided by 16.
12
Suppose 2*j = -3*r - 2*r - 20, 3*r = -j - 12. Calculate the remainder when (r + 1)/(3/(-8)) is divided by 5.
3
Let w(k) = -k**3 - 4*k**2 - 3. Let p be w(-5). Suppose d = -d + p. Calculate the remainder when d is divided by 7 - 1*2/2.
5
Suppose -2*g = -5*x + 11, -g - 2*x = -5*x + 7. Suppose 5*h - 3*b = 67, 6*b = 5*h + g*b - 71. Calculate the remainder when 20 is divided by h.
9
Let l = -7 + 28. What is the remainder when l is divided by 12?
9
Let l be 1*(86 - (2 + -2)). Suppose 0 = -5*o - t - 2*t + l, o - 31 = 4*t. Calculate the remainder when o is divided by 5.
4
Let u = -48 - -62. What is the remainder when 39 is divided by u?
11
Suppose -4*r + 6 = -2*r. Suppose r*t - 37 = -c - 4*c, 20 = 2*t + c. Calculate the remainder when t is divided by 6.
3
Let r = 105 + -39. Suppose -m - 3*m + r = 2*k, -k = 1. Calculate the remainder when 49 is divided by m.
15
Suppose 23 - 137 = -2*h - 4*t, 4*h = 3*t + 239. What is the remainder when h is divided by 15?
14
Let g = 48 - 10. Calculate the remainder when g is divided by 13.
12
Calculate the remainder when 20/(-30) + (-104)/(-3) is divided by 7.
6
Suppose c - 3 + 1 = 0. Let w(r) = -5*r - 6. Let p be w(-4). Suppose p = 5*k - 11. Calculate the remainder when k is divided by c.
1
Suppose 7*i - 91 = -0*i. Suppose 0 = v - 4*u - 31 - 11, 2*u = -5*v + 254. Calculate the remainder when v is divided by i.
11
What is the remainder when (330/4)/((-18)/(-24)) is divided by 28?
26
Let x(k) = 8*k. Let g(i) = 5*i - 7. Calculate the remainder when x(1) is divided by g(2).
2
Suppose 0*u - 7 = -u. Calculate the remainder when 17 is divided by u.
3
Let x = 117 + -103. What is the remainder when (-17 + (0 - 1))*-3 is divided by x?
12
Suppose 3*l = 2*k + 104, 2*l - 48 = k - 5*k. What is the remainder when 124 is divided by l?
28
Let a(c) = -c**2 - 6*c - 6. Let m be a(-6). Let g = -2 - m. Suppose 6 + 0 = 2*d. Calculate the remainder when g is divided by d.
1
Let j = 212 - 200. Suppose -3*a = 2*o - 79, 4*a = -3*o + o + 74. Calculate the remainder when o is divided by j.
11
Let v(a) be the third derivative of -a**5/60 + a**4/3 - 2*a**3/3 + a**2. Let y = 156 + -152. Calculate the remainder when v(3) is divided by y.
3
Let l(f) = -f**2 + 8*f + 5. Let d(j) = 8*j**2 - 1. Let v be d(-1). Calculate the remainder when 21 is divided by l(v).
9
Suppose -5*d = -3*p - 100, -2*d + 3*d + 3 = -4*p. Let a = 41 - d. Calculate the remainder when a is divided by 13.
11
Suppose 2*r - 5*r + 147 = 3*o, 0 = 5*o - 5*r - 245. Suppose 22 = 3*g + 5*i, -g - 2*i = -i - 4. What is the remainder when o is divided by (17*g)/(-6 + 5)?
15
Suppose 0*y + 2*y = l - 10, 35 = 3*l - y. Let v be (-376)/l + (-1)/(-3). Let k = -14 - v. Calculate the remainder when k is divided by 9.
8
Let u(a) = a + 9. Suppose -3*p + 4 - 25 = 0. Calculate the remainder when u(p) is divided by 5 + -1 - 1*2.
0
Suppose 5*q = -5, 3*f - 247 + 8 = 5*q. Calculate the remainder when f is divided by 16.
14
Suppose 2*c = -10, 5*m - c - 178 - 17 = 0. Calculate the remainder when m is divided by 13.
12
Suppose -4*k - 16 + 84 = 0. Calculate the remainder when 50 is divided by k.
16
Suppose 50 = 3*p - 97. Let q = 90 + -22. Suppose 4*o + 2*a - q = 0, o - 2*a - 17 = -3*a. Calculate the remainder when p is divided by o.
15
Let r be (0 - -15)*(-4)/(-5). Suppose -34 - r = -m. Suppose 0 = -2*c - c + 48. What is the remainder when m is divided by c?
14
Let u = -3 + 1. What is the remainder when 22 is divided by (12/(-15))/(u/20)?
6
Suppose 8*w = 3*a + 6*w - 54, -2*a + 5*w = -47. What is the remainder when 30 is divided by a?
14
Suppose 2*n + 11 = w - 21, n + 37 = w. Calculate the remainder when w is divided by 15.
12
Let r(t) = 6 + t**3 + 1 + 0*t**3 - t**2. Let s be r(0). Suppose 0 = -3*j - 3*p - 3, 5*j - 4*p - s = -3*p. Calculate the remainder when 2 is divided by j.
0
Calculate the remainder when 3/(4 - (3 - (-69)/78)) is divided by 14.
12
What is the remainder when (-2)/(-3) + 1144/12 is divided by 33?
30
Suppose -4*j - 110 = -z - 2*z, 4*z - 5*j = 146. Calculate the remainder when 63 is divided by z.
29
Let x(y) = y**3 - 2*y**2 + y. Let o be x(2). Suppose o*v - 2 - 10 = 0. Let u = 61 - 45. Calculate the remainder when u is divided by v.
4
Suppose 6*t = 4*t + 18. Calculate the remainder when 32 is divided by t.
5
Suppose -5*m - 4 = -i - i, i + 11 = -4*m. What is the remainder when 58 is divided by (-120)/2*1/m?
28
Let l(r) = -r**3 - 4*r**2 + r - 4. Suppose 7 = a - d, -2*a + 4 = -d - 5. Suppose 124 = a*b + 2*b. Calculate the remainder when b is divided by l(-5).
15
What is the remainder when 4 is divided by -1 + -2 + (8 - 2)?
1
Let b = -11 - -79. What is the remainder when b is divided by 12?
8
Suppose 0 = 2*k - 28 - 34. What is the remainder when k is divided by 14?
3
Suppose -2*q - 1 = 5. Let a(b) = b**3 + 6*b**2 + 5*b + 4. What is the remainder when a(q) is divided by 9?
7
Let i(f) = f**2 + f + 1. Let g be i(-1). Let d(s) = g - 2*s**3 + 0 - 7*s**2 - s + 9*s**2. Calculate the remainder when d(-2) is divided by 10.
7
Let a(v) = -10*v + 0*v**3 - 4 + 10*v**2 + 3 - v**3 + 9. Let f be a(9). What is the remainder when (12/(-1) - 0)/f is divided by 7?
5
Let g = -227 + 446. Calculate the remainder when g is divided by 22.
21
Suppose 0 = -5*m - 3*d + 122, 3*m - 5*d = -d + 79. Suppose -4*h - m + 221 = 0. Calculate the remainder when h is divided by 17.
15
Let y(h) = -h**2 - 7*h - 1. Let j be y(-5). Let c = j - 0. Calculate the remainder when c is divided by 6.
3
Let d = 26 - 18. Let j(t) be the third derivative of -t**5/60 + 3*t**4/8 - t**3/2 - t**2. Calculate the remainder when d is divided by j(8).
3
Let m(u) = u**2 + 11*u + 3. Let w be m(-10). Let d(c) = -2 - c**3 - 8*c**2 + 0*c**3 + 0*c**3 - 8*c. What is the remainder when 14 is divided by d(w)?
4
Suppose -n = -3*g - 6 - 9, -3*g - 27 = -3*n. Let l(r) = -r**3 + 7*r**2 - 2*r + 7. Calculate the remainder when l(n) is divided by (22/(-6))/(2/(-6)).
9
What is the remainder when 48 is divided by 15 + -2 + (1 - -1)?
3
Let f = 12 - 23. Let u = -11 - f. Suppose o + u*o = 4*r - 285, r - 69 = -2*o. What is the remainder when r is divided by 24?
23
Let a = 199 - 107. What is the remainder when a is divided by 14?
8
Let n(f) = f**2 - 5. What is the remainder when n(6) is divided by 8?
7
Suppose 6*b = 9*b + 15. Let l(k) = 4 + 2*k + k + 2*k**2 + 0. Calculate the remainder when l(b) is divided by 14.
11
Let s(d) = -d. Let z(r) = r**2 - 4*r - 4. Let k be z(4). What is the remainder when 7 is divided by s(k)?
3
Let m = 718 + -513. What is the remainder when m is divided by 19?
15
Let l(p) = p**3 + 7*p**2 - 2*p + 14. Suppose -3*k = -3, 4*s + 0*k = -4*k + 64. Calculate the remainder when l(-7) is divided by s.
13
Let q(v) = -v**2 + 8*v - 5. What is the remainder when q(6) is divided by 3?
1
Let u(t) = -t**3 - 17*t**2 - t - 9. Suppose -5*x + i - 3*i = 17, -2*x + 5*i = 1. Let f = 0 - x. What is the remainder when u(-17) is divided by f?
2
Suppose -j - 4*k = 24, -j - 14 = k + k. Let i be j/10 - (-23)/(-5). Let t = 9 + i. What is the remainder when t is divided by 3?
1
Let s = -16 + 30. Let j be ((-8)/7)/(16/(-56)). Suppose -4*i + 5*f = j, -2*i + f + 2 = -2. Calculate the remainder when s is divided by i.
2
Let u be -3 + 13 - (-2)/(-2). Suppose -4*p + 28 = 4*n, 0 = 4*p - 21 + u. Suppose n*l - 1 - 3 = 0. What is the remainder when 1 is divided by l?
0
Let t = 7 - -1. Suppose 42 - t = 2*u. What is the remainder when u is divided by 6?
5
Let g(x) = -7*x - 2. Let o be g(-3). Suppose -w = -0*w - o. Calculate the remainder when 36 is divided by w.
17
Suppose -5*s = 5, 3 = l + 4*s - 7. What is the remainder when 65 is divided by l?
9
Let t(a) = -2*a - 1. Let c be t(-1). Suppose -5*k - c = 2*g + 3, 0 = -5*k. Calculate the remainder when 23 is divided by (-3 - g) + 14/2.
5
Let d = 38 + -18. Suppose 0 = -u + 32 + d. What is the remainder when u is divided by 18?
16
Let l be (-2 -